 Let j = 29 - 17. Suppose 2*x - j = -3*p + 4*x, 5*p - 33 = -x. What is the highest common divisor of d and p?
3
Suppose 8 = 4*r - 0. Suppose -10 - 30 = -r*l. Calculate the greatest common divisor of l and 50.
10
Let b(y) = 7*y**2 + y. Let a be b(-1). Calculate the greatest common divisor of 4 and a.
2
Suppose -16 = 3*t - 70. Calculate the greatest common factor of t and 9.
9
Let v be (-2)/(-1) + 0 + 0. Let f = v - -6. What is the greatest common divisor of f and 1?
1
Let v = -54 + -125. Let i = -125 - v. Suppose 0 = 2*b + 2*b - 72. What is the highest common factor of i and b?
18
Let h be ((-94)/(-10))/((-9)/(-45)). Suppose -3*t - 2*d = -d - 28, -5*d = -2*t + h. Calculate the highest common divisor of t and 44.
11
Suppose w - 6*w = 5*j - 55, -5*j + 5*w + 25 = 0. What is the highest common factor of j and 32?
8
Let n(x) = -6 + 1 + 15*x + 0. Let g be n(5). What is the highest common divisor of g and 14?
14
Let x be 480/22 - 2/(-11). Let q(h) = -h**2 - 9*h - 3. Let d = 10 + -17. Let t be q(d). What is the greatest common divisor of x and t?
11
Suppose 3*s = p + 61, 56 = s + 5*p + 9. Suppose 11 = 3*a - s. Let c = 13 + a. What is the greatest common factor of 8 and c?
8
Suppose 5*d + 16 = 3*d + 4*j, 5 = 5*d - j. Suppose -2*l = -2*y + 26, y + d*l + 2 - 9 = 0. Let k = y - 6. What is the greatest common factor of k and 35?
5
Let v = 104 + -24. Calculate the greatest common factor of 32 and v.
16
Suppose 2*i = -4, -3*i = 9*b - 7*b. What is the highest common factor of 57 and b?
3
Suppose 0 = -2*j - 3*j. Suppose 3*r = -j*r - 36. Let x be (-4)/r - (-70)/6. Calculate the highest common divisor of x and 3.
3
Let l = 393 + -268. Calculate the greatest common factor of l and 25.
25
Suppose -4 = 2*p - 0*p. Let v be 3 + -4 - 23*p. Suppose 0 = k - 4*g + 4 - 30, -5*k + 88 = g. What is the highest common divisor of k and v?
9
Suppose 0 = 5*r - 0*r - 50. What is the greatest common factor of 15 and r?
5
Let r(s) = 23*s**2 - 2*s - 1. Let v be r(3). Suppose 10*j - 50 = 8*j. What is the highest common factor of j and v?
25
Let p(i) = 3*i**2 + 2*i + 26. Let v be p(7). What is the highest common factor of v and 11?
11
Let p be 735/14 + (-1)/2. What is the highest common factor of p and 13?
13
Suppose 3*u - 4 = -y, 3 = -3*u - 6. Calculate the greatest common divisor of y and 26.
13
Let v(a) = -a + 18. Let i be v(10). What is the greatest common divisor of 8 and i?
8
Let i(o) = -o**2 - 6*o - 4. Let r be i(-2). Suppose -r*c + 5*b + 82 = -c, 2*c + 3*b = 42. What is the greatest common factor of c and 16?
8
Let o be ((-14)/(-6))/7*6. Let m(v) = v + 3. Let w be m(3). Calculate the greatest common factor of o and w.
2
Let v(z) = z + 23. Let n be v(0). Let f = n + -11. Calculate the greatest common divisor of f and 12.
12
Suppose 4*v + 8 - 56 = 0. What is the greatest common factor of 60 and v?
12
Let v(l) = 52*l - 2. Let d(b) = 51*b - 3. Let x(o) = -5*d(o) + 4*v(o). Let y be x(-5). What is the highest common divisor of y and 22?
22
Let w = 18 - 25. Let a(x) = -2*x - 9. Let z be a(w). Suppose 92 = 3*g - 0*g - 4*y, 4*y - 100 = -z*g. Calculate the greatest common factor of g and 48.
24
Suppose 3 = -j, 13 = r + j - 6. What is the greatest common divisor of 176 and r?
22
Let w = -25 - -38. Let p = -197 + 314. What is the highest common divisor of p and w?
13
Let i = 5 - 3. Let f be 1*(2 - (0 + i)). Suppose f = 5*k - 0*k - 45. What is the greatest common factor of 99 and k?
9
Let s = 0 + 11. Let g be 99*-2*2/(-4). Suppose -g = -4*w + 3*w. Calculate the greatest common divisor of s and w.
11
Let v = 84 + -60. Let g(q) = 4*q + q**2 + q**2 + q**3 + 3*q**2. Let a be g(-3). What is the highest common divisor of a and v?
6
Let k be (-36)/(-10) + (-4)/(-10). Suppose 5*f = -k*w - 10, -5*w = 5*f - 4 + 19. What is the highest common factor of 18 and f?
2
Suppose 5*n = 9*n - 912. What is the greatest common factor of n and 12?
12
Let b = 16 - -40. What is the greatest common factor of 8 and b?
8
Let k = 48 - 92. Let h be k/6*3*-4. Let r(p) = p**2 + 11*p - 4. Let w be r(-12). What is the greatest common factor of w and h?
8
Suppose 4*w + 25 = v - 0*v, v + 3*w - 4 = 0. What is the highest common factor of v and 13?
13
Suppose 3*h + 42 = 15. Let t be (-6)/4*42/h. Suppose x + t = o - 0*o, -4*x - 8 = 0. Calculate the highest common divisor of o and 40.
5
Let i be 14/6 - 5/15. Suppose 0 = -2*h - i*h + 24. Calculate the greatest common divisor of 18 and h.
6
Let q(n) = n + 1. Let j be q(-3). Let t(w) = -6*w - 2. Let l be t(j). What is the greatest common divisor of 10 and l?
10
Suppose 3*g - 8*l = -3*l - 11, 4*g + l = 16. Let a = -6 - -33. Calculate the highest common divisor of g and a.
3
Let g = 4 - -464. Suppose 4*u - g = 72. Calculate the greatest common divisor of u and 15.
15
Suppose j - 6*j = -40. Calculate the greatest common divisor of 72 and j.
8
Let j = -20 - -30. Let z be j/(4 + -2) - 3. What is the greatest common factor of 2 and z?
2
Let k be (3 - 3) + 26 - 2. What is the greatest common divisor of k and 32?
8
Let g(m) = 6*m**3 + 3*m**2 - 1. Let l be g(1). Calculate the highest common divisor of 8 and l.
8
Let b(t) = 80*t. Suppose -2*g = 3 - 9. Let n be b(g). Suppose f + 31 - 151 = -2*y, 0 = -4*y + 5*f + n. What is the greatest common divisor of y and 12?
12
Let w be 1*(1254/12 + (-1)/(-2)). What is the highest common factor of w and 15?
15
Let u = -17 - -20. Suppose -u*h + 13 = -5. What is the highest common factor of h and 2?
2
Suppose p + p = 3*l - 101, -36 = -l + 3*p. Let n = l - 16. Calculate the highest common factor of 187 and n.
17
Suppose -l = -0*l - 20. Let d(v) = v**2 + 3*v + 12. Let n be d(-6). What is the highest common divisor of l and n?
10
Let w = 169 - 1. What is the greatest common factor of 21 and w?
21
Suppose -y + 5 = f - 5, 0 = -3*y - 4*f + 35. Calculate the highest common divisor of 15 and y.
5
Let l be (-8)/28 - 410/(-14). Let c = l + -21. What is the greatest common factor of 88 and c?
8
Let p be 0 + -1 - (-2)/(-1). Let l = -3 - p. Suppose 2*i - 240 = -l*i. Calculate the greatest common divisor of 15 and i.
15
Let z(t) = 8*t**3. Let b be z(1). Suppose -9*k + 54 = -b*k. Calculate the highest common divisor of k and 18.
18
Let g(k) = 7*k + 5. Let u be g(6). Let w = -30 + u. Let v(y) = -50*y + 3. Let s be v(-3). Calculate the greatest common factor of s and w.
17
Let z(p) = -p - 3. Let u be z(-12). What is the greatest common divisor of u and 9?
9
Suppose d = 3, 5*z - z - 9 = -3*d. Let s = z + 0. Suppose 2*i + 3 = k, 2*k + i = -s*k + 31. Calculate the greatest common divisor of 104 and k.
13
Let x(t) = 9*t**2 + 2*t - 17. Let g be x(6). Calculate the highest common factor of 29 and g.
29
Suppose -s = 2*p - 151, 2*p - 127 - 22 = -3*s. What is the greatest common divisor of 19 and p?
19
Let l be -4*(1 - 0 - -2)/(-1). Calculate the highest common factor of 84 and l.
12
Suppose 3*s - 139 = 5*a + 40, 0 = 5*s + 2*a - 319. What is the highest common divisor of s and 9?
9
Suppose 48 = 5*c - c + 4*h, 0 = -4*h. Let v be (-24)/10*10/(-3). Calculate the highest common divisor of c and v.
4
Let s = 0 + 0. Suppose -5*w + 150 = 5*p - s*w, 0 = -2*p + 4*w + 60. Calculate the greatest common factor of p and 12.
6
Let c be ((-2)/(-3)*3)/(-1). Let t be 0 + -2 + 4 + c. Suppose s + 2*s - 9 = t. Calculate the greatest common factor of s and 12.
3
Suppose 16*n - 15*n - 3 = 0. Suppose n*c = -s + 42, -45 = -2*c + 3*s + 2*s. Calculate the highest common divisor of c and 15.
15
Let i = -42 - -86. Suppose t = -4*b - 15, 19 = 3*t - 4*t - 5*b. Let g = 3 + t. Calculate the greatest common factor of i and g.
4
Let i(a) = 10*a**2 - 2*a - 1. Let b be i(-1). Let o be 2/1 + b/1. Suppose -5*r - o = -48. Calculate the greatest common divisor of r and 1.
1
Suppose 0 = 3*f + 2*w - 932 - 424, 452 = f - 4*w. Let y = f - 316. What is the highest common factor of 17 and y?
17
Let w(o) = -o**3 + 14*o**2 + 15*o + 4. Let v be w(15). Calculate the greatest common divisor of 20 and v.
4
Let c(w) = 1 - w + 1 + 0. Suppose -2*o - 15 = o. Let j be c(o). What is the greatest common divisor of 21 and j?
7
Suppose h - 25 = -k - k, 0 = -3*k + h + 30. What is the highest common factor of k and 88?
11
Let p(q) = q**3 - 24*q**2 - 18*q - 95. Let u be p(25). Let j = -5 + 15. Calculate the greatest common divisor of j and 